j - 63492 = -60*j - 40*j. Calculate the highest common factor of 462 and j.
66
Let i be 19496/3 - -2 - (-404)/(-606). Calculate the greatest common divisor of 10 and i.
10
Suppose c = 343*p - 348*p + 87, 5*p + 4*c = 93. What is the greatest common divisor of p and 16201?
17
Suppose u + 0*u - 4 = -x, -3*x + 15 = 4*u. Suppose -3*l - 5*y = -375, 0 = u*l + 6*y - 4*y - 375. Calculate the greatest common factor of 75 and l.
25
Let n = -31 + 127. Suppose 0 = -2*c + 5*u - 267, c + 0*u = 3*u - 134. Let h = -119 - c. Calculate the highest common divisor of n and h.
12
Let a(o) = 8364*o**2 - 6*o + 7. Let g be a(1). What is the highest common divisor of 35 and g?
35
Suppose 5*s = 2*m - 459 - 432, 3*m = -s + 1277. What is the highest common factor of 6634 and m?
214
Suppose -i - 9 = -r - 4, -5*r = -4*i - 23. Suppose 0 = -r*p + 15, -13 = -4*j + 2*j - p. What is the greatest common divisor of j and 2?
2
Let x be (-2)/7 + (225/7)/(-3). Let u = x + 12. Let s be (0 + (4 - -13))*u. Calculate the highest common factor of s and 68.
17
Suppose 0 = b - 163 + 111. What is the highest common factor of b and 884?
52
Let w be (-4)/((2 - (-1 + 2)) + -3). Suppose -144 = -5*a + w*s, -3*s + 21 + 1 = a. Suppose -47 - a = -5*m. Calculate the greatest common factor of m and 10.
5
Let j = -42 + 46. Suppose -b - j = -2*b. Suppose b*w = 3*p - 59, 4*p + 0*w - 4*w - 76 = 0. What is the greatest common divisor of 34 and p?
17
Let y(m) = 750*m**3 + 310*m**2 - 312*m. Let z be y(1). What is the greatest common divisor of z and 612?
68
Let c(z) = 16*z + 84. Let m be c(-19). Let w = 225 + m. What is the greatest common divisor of 4 and w?
1
Let j = 4196 + -3888. Calculate the greatest common divisor of j and 12474.
154
Suppose m + 14*i - 15*i - 10605 = 0, 5*i + 21219 = 2*m. Suppose -35*g = 3*g - m. Calculate the greatest common factor of 9 and g.
9
Suppose -2*q = -492 + 42. Let l = -81 + q. What is the highest common divisor of l and 32?
16
Let m(s) = s**2 - 2*s - 10. Let h be m(4). Let p be 15/((h/(-4))/((-11)/(-22))). Calculate the greatest common divisor of 80 and p.
5
Let r(l) = -l**2 - 7*l + 2. Let u be r(-5). Let g be ((-4)/u)/(2/534). Let v = 125 + g. Calculate the highest common factor of 252 and v.
36
Suppose -6 = -9*q + 3. Let n be (10/15)/(q/96). What is the highest common divisor of n and 512?
64
Let c = 9 - -19. Suppose -490 = -c*s - 70. Calculate the highest common divisor of 25 and s.
5
Let x be ((-10)/(-3))/(6/9). Suppose -5*m = o - 188, 3*o = x*o + 4. Suppose -j = -m - 4. What is the highest common factor of 14 and j?
14
Let v be -2 - 20/(-8) - 825/(-2). Suppose 0*o + 5*k + v = 3*o, -3*o + k = -397. Let p = -59 + o. What is the highest common divisor of 18 and p?
18
Let g be (-4 - -2)*5/(80/4504). Let l = g + 575. Suppose w = 4*w - 27. What is the highest common divisor of w and l?
3
Let p(g) = -3*g - 17. Let m(r) = r**2 - 13*r + 25. Let n be m(11). Suppose -n*b = 31 - 4. Let i be p(b). Calculate the highest common factor of 10 and i.
10
Suppose -13*w - 1433 = -68*w - 113. What is the highest common factor of w and 38424?
24
Let y be 142 + (5 - 8) - -5. Suppose -292*g = -295*g + y. Calculate the greatest common factor of 84 and g.
12
Let o = 3406 - 3385. Calculate the highest common divisor of o and 196.
7
Let t(z) = 6*z - 46. Let d be t(-4). Let k be (4 - d/(-25))*30. Calculate the highest common divisor of 24 and k.
12
Let a(g) = -g**3 + 21*g**2 - 13*g - 3. Let c be a(5). What is the greatest common factor of c and 4482?
166
Let z be -2 + ((-8)/6)/((-2)/(-5469)). Let m be -3 + (6/(-8))/((-8)/z). Let h = -225 - m. Calculate the greatest common divisor of h and 48.
24
Suppose q = 5*q. Suppose -61*k + 120 = -31*k. Suppose 4*i + k*n + n - 53 = q, 3*n = -2*i + 29. Calculate the highest common factor of 56 and i.
7
Suppose -16 = -5*g + 2*l + 78, 5*g - 4*l = 78. Suppose w + 0*w - 2*b = 59, 3*w = -4*b + 157. What is the highest common divisor of g and w?
11
Let x(s) = 2*s**3 + 64*s**2 + 119*s + 10. Let n be x(-30). Suppose 2*h = -182 - 64. Let m = -23 - h. What is the greatest common divisor of m and n?
20
Suppose 0*s + 5*u + 23 = 3*s, s + 2*u = 15. Let a be 4/((-3 - -2)*3/(-9)). Let n be 4*(15/a)/(5*1). Calculate the highest common factor of s and n.
1
Let k be 49/(-7) - (0 - 246). What is the greatest common factor of k and 1?
1
Let s(l) = -7*l + 200. Let r be s(-22). Suppose -15*i + r + 126 = 0. Calculate the highest common divisor of 800 and i.
32
Suppose -3*z - x = -181, -3*z = -5*x - 33 - 142. Let w be 1944/z - (-4)/(-10). What is the greatest common factor of w and 24?
8
Let b = 26078 + -6445. What is the greatest common factor of b and 29?
29
Let h = 2348 + -2161. Calculate the highest common factor of 66 and h.
11
Suppose 2539 = f + c - 639, -6344 = -2*f - 5*c. What is the greatest common factor of f and 222?
74
Let u = -3466 - -3691. Suppose -200 = -4*z - 2*a, z + 2*z + 3*a - 150 = 0. Calculate the highest common divisor of z and u.
25
Let p be 7803/24 - (5 - 4)/8. What is the highest common divisor of 425 and p?
25
Suppose -3*m - 20 = -2*m + 2*w, -4 = -2*w. Let i be m/(-10)*15/3. Calculate the highest common divisor of 100 and i.
4
Suppose 5*w + 25 = 0, -y - 3*y - 4*w = -12. Suppose -y*t - 204 = -2*t. Let s = 61 + t. Calculate the highest common divisor of s and 18.
9
Let t(u) = -46*u - 681. Let k be t(-15). Let o(s) = s**3 + s**2 - 5*s - 6. Let b be o(-3). Let r = -8 - b. What is the highest common factor of r and k?
1
Let l be 4/14 - 6/21. Suppose -4*u + 68 = -2*v, -3*v - 4*u - 132 = -l*v. Let n = 46 + v. What is the greatest common factor of n and 12?
6
Let q(m) = -m**2 + 25*m - 26. Let x be q(13). Suppose -7*b = -17*b + x. Let h be (57 - 51)/(b/10 + -1). Calculate the highest common divisor of h and 4.
4
Let q(j) = -65*j + 72. Let a be q(5). Let d = a - -265. Calculate the greatest common factor of d and 16.
4
Let s be (-1 + 2)*1*13. Suppose 5*c + 2*m + 165 = 168, 2*m = -2*c. What is the highest common divisor of c and s?
1
Let s = 3350 + -3318. Calculate the greatest common factor of 176 and s.
16
Let b(a) = a**2 + 3*a + 9. Let j be b(-2). Suppose -4 = -4*f - 3*q, -j*q + 2*q - 16 = f. What is the greatest common divisor of f and 28?
4
Let q be (-1)/((-4)/(-4)) + 6. Suppose 0 = v - 59 + q. Let w = -51 + v. Calculate the highest common divisor of 21 and w.
3
Let t = -22 - -26. Let y be (111/(-6)*2)/(t/(-20)). Suppose 3*f - 475 = -5*m - 2*f, 0 = -2*m - f + y. What is the highest common divisor of 18 and m?
18
Suppose 5*u - 2*j = -7*j + 575, 0 = -u + 2*j + 103. Let a = 126 - u. Calculate the highest common factor of 195 and a.
15
Suppose -4*n = -5*n + 52. Suppose -2*x - 4225 = -15*x - 52*x. Calculate the highest common factor of n and x.
13
Let v = 256 + -148. Suppose 0*c + 3*c = v. Suppose -2801 + 3296 = 832*j - 6993. What is the highest common factor of j and c?
9
Let s(o) = o**3 + 22*o**2 - 2*o + 140. Let t be s(0). Calculate the greatest common factor of t and 875.
35
Suppose -2*f - 305 = -5*t + f, t + 4*f = 84. Let n = -1008 - -1328. Calculate the greatest common factor of n and t.
64
Let u = 5402 + -4813. Calculate the greatest common factor of u and 682.
31
Let j(b) = 19*b**2 + 360*b + 725. Let s be j(-2). What is the highest common factor of 63 and s?
9
Let j be ((-2128)/(-448))/(-2 - 2082/(-1040)). Calculate the greatest common factor of j and 234.
26
Let u(s) = -s**3 + 8*s**2 - 36*s + 126. Let c be u(5). Calculate the greatest common factor of c and 5383.
7
Let y = 523 - 520. Suppose -y*z - 4*u = -888, -592 = -2*z - 4*u + u. What is the highest common factor of 16 and z?
8
Suppose -28*h + 25 + 59 = 0. Suppose -4*d - 5*m + 52 = -3*d, 4*d + h*m = 174. Let q = -34 + 48. Calculate the greatest common factor of q and d.
14
Suppose 0 = 2*x + 3*z - 202, x + 723*z - 719*z = 106. What is the highest common divisor of x and 14504?
98
Suppose 11*w - 66 + 99 = 0. Let c be (w - -2)/(36/(-720)). Calculate the highest common factor of 520 and c.
20
Suppose 0 = 14*s - 12*s + 28. Let q be (1 + (-9)/3)*s/(-4). Let d be (q - -4 - -5) + 1*20. Calculate the greatest common divisor of 55 and d.
11
Suppose 2*g + 714 = 4*g - c, -5*g + 5*c = -1785. Let b(m) = -m**2 + 73*m - 973. Let j be b(18). Calculate the highest common factor of j and g.
17
Suppose -6065 = 13*h - 8573 - 